{"id":2,"date":"2014-05-07T16:12:53","date_gmt":"2014-05-07T16:12:53","guid":{"rendered":"http:\/\/hotelsunvalley.com.br\/hotel\/?page_id=2"},"modified":"2017-09-22T10:17:31","modified_gmt":"2017-09-22T13:17:31","slug":"sample-page","status":"publish","type":"page","link":"http:\/\/sunvalleyhotel.com.br\/hotel\/","title":{"rendered":"O Hotel"},"content":{"rendered":"<style type=\"text\/css\">@media screen and (max-width: 540px) {#cuteslider_2_wrapper .br-caption-content {font-size: 90%;}}@media screen and (max-width: 480px) {#cuteslider_2_wrapper .br-caption-content {font-size: 80%;}}@media screen and (max-width: 420px) {#cuteslider_2_wrapper .br-caption-content {font-size: 70%;}}@media screen and (max-width: 360px) {#cuteslider_2_wrapper .br-caption-content {font-size: 60%;}}@media screen and (max-width: 300px) {#cuteslider_2_wrapper .br-caption-content {font-size: 50%;}}@media screen and (max-width: 240px) {#cuteslider_2_wrapper .br-caption-content {font-size: 40%;}}@media screen and (max-width: 180px) {#cuteslider_2_wrapper .br-caption-content {font-size: 30%;}}@media screen and (max-width: 120px) {#cuteslider_2_wrapper .br-caption-content {font-size: 20%;}}@media screen and (max-width: 60px) {#cuteslider_2_wrapper .br-caption-content {font-size: 10%;}}@media screen and (max-width: 0px) {#cuteslider_2_wrapper .br-caption-content {font-size: 0%;}}@media screen and (max-width: -60px) {#cuteslider_2_wrapper .br-caption-content {font-size: -10%;}}@media screen and (max-width: -120px) {#cuteslider_2_wrapper .br-caption-content {font-size: -20%;}}@media screen and (max-width: -180px) {#cuteslider_2_wrapper .br-caption-content {font-size: -30%;}}@media screen and (max-width: -240px) {#cuteslider_2_wrapper .br-caption-content {font-size: -40%;}}@media screen and (max-width: -300px) {#cuteslider_2_wrapper .br-caption-content {font-size: -50%;}}@media screen and (max-width: -360px) {#cuteslider_2_wrapper .br-caption-content {font-size: -60%;}}@media screen and (max-width: -420px) {#cuteslider_2_wrapper .br-caption-content {font-size: -70%;}}@media screen and (max-width: -480px) {#cuteslider_2_wrapper .br-caption-content {font-size: -80%;}}@media screen and (max-width: -540px) {#cuteslider_2_wrapper .br-caption-content {font-size: -90%;}}#cuteslider_2_wrapper { width: 100%;margin: 0px auto;}#cuteslider_2 { }.caption_slider2_layer2_sublayer1 { width: auto;height: auto;position: absolute;top: 10%;left: 10%;padding-top: 1%;padding-right: 1%;padding-bottom: 1%;padding-left: 1%;border-top: 0px solid #000;border-right: 0px solid #000;border-bottom: 0px solid #000;border-left: 0px solid #000;font-family: Arial, sans-serif;font-size: 17px;line-height: normal;color: #FFF;background-color: #000; } .caption_layer2_sublayer1 a.linked { text-decoration: none;color: #FFF; } .caption_slider2_layer3_sublayer1 { width: auto;height: auto;position: absolute;top: 10%;left: 10%;padding-top: 1%;padding-right: 1%;padding-bottom: 1%;padding-left: 1%;border-top: 0px solid #000;border-right: 0px solid #000;border-bottom: 0px solid #000;border-left: 0px solid #000;font-family: Arial, sans-serif;font-size: 17px;line-height: normal;color: #FFF;background-color: #000; } .caption_layer3_sublayer1 a.linked { text-decoration: none;color: #FFF; } .caption_slider2_layer4_sublayer1 { width: auto;height: auto;position: absolute;top: 10%;left: 10%;padding-top: 1%;padding-right: 1%;padding-bottom: 1%;padding-left: 1%;border-top: 0px solid #000;border-right: 0px solid #000;border-bottom: 0px solid #000;border-left: 0px solid #000;font-family: Arial, sans-serif;font-size: 17px;line-height: normal;color: #FFF;background-color: #000; } .caption_layer4_sublayer1 a.linked { text-decoration: none;color: #FFF; } .caption_slider2_layer7_sublayer1 { width: auto;height: auto;position: absolute;top: 10%;left: 10%;padding-top: 1%;padding-right: 1%;padding-bottom: 1%;padding-left: 1%;border-top: 0px solid #000;border-right: 0px solid #000;border-bottom: 0px solid #000;border-left: 0px solid #000;font-family: Arial, sans-serif;font-size: 17px;line-height: normal;color: #FFF;background-color: #000; } .caption_layer7_sublayer1 a.linked { text-decoration: none;color: #FFF; } <\/style><div id=\"cuteslider_2_wrapper\" class=\"cs-borderlesslight\"><div id=\"cuteslider_2\" class=\"cute-slider\" data-width=\"600\" data-height=\"300\" data-overpause=\"true\"  data-shuffle=\"false\"><ul data-type=\"slides\"><li data-delay=\"4\" data-src=\"4\" data-trans3d=\"tr1,tr2,tr3,tr4,tr5,tr6,tr7,tr8,tr9,tr10,tr11,tr12,tr13,tr14,tr15,tr16,tr17,tr18,tr19,tr20,tr21,tr22,tr23,tr24,tr25,tr26,tr27,tr28,tr29,tr30,tr31,tr32,tr33,tr34,tr35,tr36,tr37,tr38,tr39,tr40,tr41,tr42,tr43,tr44,tr45,tr46,tr47,tr48,tr49,tr50,tr51,tr52,tr53,tr54,tr55,tr56,tr57,tr58,tr59,tr60,tr61,tr62,tr63,tr64\" data-trans2d=\"tr1,tr2,tr3,tr4,tr5,tr6,tr7,tr8,tr9,tr10,tr11,tr12,tr13,tr14,tr15,tr16,tr17,tr18,tr19,tr20,tr21,tr22,tr23,tr24,tr25,tr26,tr27,tr28,tr29,tr30,tr31,tr32,tr33,tr34,tr35,tr36,tr37,tr38,tr39,tr40\"><img  src=\"http:\/\/sunvalleyhotel.com.br\/hotel\/wp-content\/uploads\/2014\/05\/slide6.jpg\" data-thumb=\"http:\/\/sunvalleyhotel.com.br\/hotel\/wp-content\/uploads\/2014\/05\/slide6.jpg\"><\/li><li data-delay=\"4\" data-src=\"4\" data-trans3d=\"tr1,tr2,tr3,tr4,tr5,tr6,tr7,tr8,tr9,tr10,tr11,tr12,tr13,tr14,tr15,tr16,tr17,tr18,tr19,tr20,tr21,tr22,tr23,tr24,tr25,tr26,tr27,tr28,tr29,tr30,tr31,tr32,tr33,tr34,tr35,tr36,tr37,tr38,tr39,tr40,tr41,tr42,tr43,tr44,tr45,tr46,tr47,tr48,tr49,tr50,tr51,tr52,tr53,tr54,tr55,tr56,tr57,tr58,tr59,tr60,tr61,tr62,tr63,tr64\" data-trans2d=\"tr1,tr2,tr3,tr4,tr5,tr6,tr7,tr8,tr9,tr10,tr11,tr12,tr13,tr14,tr15,tr16,tr17,tr18,tr19,tr20,tr21,tr22,tr23,tr24,tr25,tr26,tr27,tr28,tr29,tr30,tr31,tr32,tr33,tr34,tr35,tr36,tr37,tr38,tr39,tr40\"><img  src=\"http:\/\/sunvalleyhotel.com.br\/hotel\/wp-content\/plugins\/cuteslider\/img\/blank.png\" data-src=\"http:\/\/sunvalleyhotel.com.br\/hotel\/wp-content\/uploads\/2014\/05\/slide1.jpg\" data-thumb=\"http:\/\/sunvalleyhotel.com.br\/hotel\/wp-content\/uploads\/2014\/05\/slide1.jpg\"><ul data-type=\"captions\"><li class=\"caption_slider2_layer2_sublayer1\" data-effect=\"fade\" data-delay=\"0\">Seja Bem-vindo ao Sun Valley Hotel<\/li><\/ul><\/li><li data-delay=\"4\" data-src=\"4\" data-trans3d=\"tr1,tr2,tr3,tr4,tr5,tr6,tr7,tr8,tr9,tr10,tr11,tr12,tr13,tr14,tr15,tr16,tr17,tr18,tr19,tr20,tr21,tr22,tr23,tr24,tr25,tr26,tr27,tr28,tr29,tr30,tr31,tr32,tr33,tr34,tr35,tr36,tr37,tr38,tr39,tr40,tr41,tr42,tr43,tr44,tr45,tr46,tr47,tr48,tr49,tr50,tr51,tr52,tr53,tr54,tr55,tr56,tr57,tr58,tr59,tr60,tr61,tr62,tr63,tr64\" data-trans2d=\"tr1,tr2,tr3,tr4,tr5,tr6,tr7,tr8,tr9,tr10,tr11,tr12,tr13,tr14,tr15,tr16,tr17,tr18,tr19,tr20,tr21,tr22,tr23,tr24,tr25,tr26,tr27,tr28,tr29,tr30,tr31,tr32,tr33,tr34,tr35,tr36,tr37,tr38,tr39,tr40\"><img  src=\"http:\/\/sunvalleyhotel.com.br\/hotel\/wp-content\/plugins\/cuteslider\/img\/blank.png\" data-src=\"http:\/\/sunvalleyhotel.com.br\/hotel\/wp-content\/uploads\/2014\/05\/slide2.jpg\" data-thumb=\"http:\/\/sunvalleyhotel.com.br\/hotel\/wp-content\/uploads\/2014\/05\/slide2.jpg\"><ul data-type=\"captions\"><li class=\"caption_slider2_layer3_sublayer1\" data-effect=\"fade\" data-delay=\"0\">Temos um atendimento de \u00f3tima qualidade<\/li><\/ul><\/li><li data-delay=\"4\" data-src=\"4\" data-trans3d=\"tr1,tr2,tr3,tr4,tr5,tr6,tr7,tr8,tr9,tr10,tr11,tr12,tr13,tr14,tr15,tr16,tr17,tr18,tr19,tr20,tr21,tr22,tr23,tr24,tr25,tr26,tr27,tr28,tr29,tr30,tr31,tr32,tr33,tr34,tr35,tr36,tr37,tr38,tr39,tr40,tr41,tr42,tr43,tr44,tr45,tr46,tr47,tr48,tr49,tr50,tr51,tr52,tr53,tr54,tr55,tr56,tr57,tr58,tr59,tr60,tr61,tr62,tr63,tr64\" data-trans2d=\"tr1,tr2,tr3,tr4,tr5,tr6,tr7,tr8,tr9,tr10,tr11,tr12,tr13,tr14,tr15,tr16,tr17,tr18,tr19,tr20,tr21,tr22,tr23,tr24,tr25,tr26,tr27,tr28,tr29,tr30,tr31,tr32,tr33,tr34,tr35,tr36,tr37,tr38,tr39,tr40\"><img  src=\"http:\/\/sunvalleyhotel.com.br\/hotel\/wp-content\/plugins\/cuteslider\/img\/blank.png\" data-src=\"http:\/\/sunvalleyhotel.com.br\/hotel\/wp-content\/uploads\/2014\/05\/slide12.jpg\" data-thumb=\"http:\/\/sunvalleyhotel.com.br\/hotel\/wp-content\/uploads\/2014\/05\/slide12.jpg\"><ul data-type=\"captions\"><li class=\"caption_slider2_layer4_sublayer1\" data-effect=\"fade\" data-delay=\"0\">Ampla sala de espera para o seu maior conforto<\/li><\/ul><\/li><li data-delay=\"4\" data-src=\"4\" data-trans3d=\"tr1,tr2,tr3,tr4,tr5,tr6,tr7,tr8,tr9,tr10,tr11,tr12,tr13,tr14,tr15,tr16,tr17,tr18,tr19,tr20,tr21,tr22,tr23,tr24,tr25,tr26,tr27,tr28,tr29,tr30,tr31,tr32,tr33,tr34,tr35,tr36,tr37,tr38,tr39,tr40,tr41,tr42,tr43,tr44,tr45,tr46,tr47,tr48,tr49,tr50,tr51,tr52,tr53,tr54,tr55,tr56,tr57,tr58,tr59,tr60,tr61,tr62,tr63,tr64\" data-trans2d=\"tr1,tr2,tr3,tr4,tr5,tr6,tr7,tr8,tr9,tr10,tr11,tr12,tr13,tr14,tr15,tr16,tr17,tr18,tr19,tr20,tr21,tr22,tr23,tr24,tr25,tr26,tr27,tr28,tr29,tr30,tr31,tr32,tr33,tr34,tr35,tr36,tr37,tr38,tr39,tr40\"><img  src=\"http:\/\/sunvalleyhotel.com.br\/hotel\/wp-content\/plugins\/cuteslider\/img\/blank.png\" data-src=\"http:\/\/sunvalleyhotel.com.br\/hotel\/wp-content\/uploads\/2014\/05\/slide9.jpg\" data-thumb=\"http:\/\/sunvalleyhotel.com.br\/hotel\/wp-content\/uploads\/2014\/05\/slide9.jpg\"><\/li><li data-delay=\"4\" data-src=\"4\" data-trans3d=\"tr1,tr2,tr3,tr4,tr5,tr6,tr7,tr8,tr9,tr10,tr11,tr12,tr13,tr14,tr15,tr16,tr17,tr18,tr19,tr20,tr21,tr22,tr23,tr24,tr25,tr26,tr27,tr28,tr29,tr30,tr31,tr32,tr33,tr34,tr35,tr36,tr37,tr38,tr39,tr40,tr41,tr42,tr43,tr44,tr45,tr46,tr47,tr48,tr49,tr50,tr51,tr52,tr53,tr54,tr55,tr56,tr57,tr58,tr59,tr60,tr61,tr62,tr63,tr64\" data-trans2d=\"tr1,tr2,tr3,tr4,tr5,tr6,tr7,tr8,tr9,tr10,tr11,tr12,tr13,tr14,tr15,tr16,tr17,tr18,tr19,tr20,tr21,tr22,tr23,tr24,tr25,tr26,tr27,tr28,tr29,tr30,tr31,tr32,tr33,tr34,tr35,tr36,tr37,tr38,tr39,tr40\"><img  src=\"http:\/\/sunvalleyhotel.com.br\/hotel\/wp-content\/plugins\/cuteslider\/img\/blank.png\" data-src=\"http:\/\/sunvalleyhotel.com.br\/hotel\/wp-content\/uploads\/2014\/05\/slide7.jpg\" data-thumb=\"http:\/\/sunvalleyhotel.com.br\/hotel\/wp-content\/uploads\/2014\/05\/slide7.jpg\"><\/li><li data-delay=\"4\" data-src=\"4\" data-trans3d=\"tr1,tr2,tr3,tr4,tr5,tr6,tr7,tr8,tr9,tr10,tr11,tr12,tr13,tr14,tr15,tr16,tr17,tr18,tr19,tr20,tr21,tr22,tr23,tr24,tr25,tr26,tr27,tr28,tr29,tr30,tr31,tr32,tr33,tr34,tr35,tr36,tr37,tr38,tr39,tr40,tr41,tr42,tr43,tr44,tr45,tr46,tr47,tr48,tr49,tr50,tr51,tr52,tr53,tr54,tr55,tr56,tr57,tr58,tr59,tr60,tr61,tr62,tr63,tr64\" data-trans2d=\"tr1,tr2,tr3,tr4,tr5,tr6,tr7,tr8,tr9,tr10,tr11,tr12,tr13,tr14,tr15,tr16,tr17,tr18,tr19,tr20,tr21,tr22,tr23,tr24,tr25,tr26,tr27,tr28,tr29,tr30,tr31,tr32,tr33,tr34,tr35,tr36,tr37,tr38,tr39,tr40\"><img  src=\"http:\/\/sunvalleyhotel.com.br\/hotel\/wp-content\/plugins\/cuteslider\/img\/blank.png\" data-src=\"http:\/\/sunvalleyhotel.com.br\/hotel\/wp-content\/uploads\/2014\/05\/slide4.jpg\" data-thumb=\"http:\/\/sunvalleyhotel.com.br\/hotel\/wp-content\/uploads\/2014\/05\/slide4.jpg\"><ul data-type=\"captions\"><li class=\"caption_slider2_layer7_sublayer1\" data-effect=\"fade\" data-delay=\"0\">Temos o melhor para o seu lazer<\/li><\/ul><\/li><li data-delay=\"4\" data-src=\"4\" data-trans3d=\"tr1,tr2,tr3,tr4,tr5,tr6,tr7,tr8,tr9,tr10,tr11,tr12,tr13,tr14,tr15,tr16,tr17,tr18,tr19,tr20,tr21,tr22,tr23,tr24,tr25,tr26,tr27,tr28,tr29,tr30,tr31,tr32,tr33,tr34,tr35,tr36,tr37,tr38,tr39,tr40,tr41,tr42,tr43,tr44,tr45,tr46,tr47,tr48,tr49,tr50,tr51,tr52,tr53,tr54,tr55,tr56,tr57,tr58,tr59,tr60,tr61,tr62,tr63,tr64\" data-trans2d=\"tr1,tr2,tr3,tr4,tr5,tr6,tr7,tr8,tr9,tr10,tr11,tr12,tr13,tr14,tr15,tr16,tr17,tr18,tr19,tr20,tr21,tr22,tr23,tr24,tr25,tr26,tr27,tr28,tr29,tr30,tr31,tr32,tr33,tr34,tr35,tr36,tr37,tr38,tr39,tr40\"><img  src=\"http:\/\/sunvalleyhotel.com.br\/hotel\/wp-content\/plugins\/cuteslider\/img\/blank.png\" data-src=\"http:\/\/sunvalleyhotel.com.br\/hotel\/wp-content\/uploads\/2014\/05\/slide8.jpg\" data-thumb=\"http:\/\/sunvalleyhotel.com.br\/hotel\/wp-content\/uploads\/2014\/05\/slide8.jpg\"><\/li><li data-delay=\"4\" data-src=\"4\" data-trans3d=\"tr1,tr2,tr3,tr4,tr5,tr6,tr7,tr8,tr9,tr10,tr11,tr12,tr13,tr14,tr15,tr16,tr17,tr18,tr19,tr20,tr21,tr22,tr23,tr24,tr25,tr26,tr27,tr28,tr29,tr30,tr31,tr32,tr33,tr34,tr35,tr36,tr37,tr38,tr39,tr40,tr41,tr42,tr43,tr44,tr45,tr46,tr47,tr48,tr49,tr50,tr51,tr52,tr53,tr54,tr55,tr56,tr57,tr58,tr59,tr60,tr61,tr62,tr63,tr64\" data-trans2d=\"tr1,tr2,tr3,tr4,tr5,tr6,tr7,tr8,tr9,tr10,tr11,tr12,tr13,tr14,tr15,tr16,tr17,tr18,tr19,tr20,tr21,tr22,tr23,tr24,tr25,tr26,tr27,tr28,tr29,tr30,tr31,tr32,tr33,tr34,tr35,tr36,tr37,tr38,tr39,tr40\"><img  src=\"http:\/\/sunvalleyhotel.com.br\/hotel\/wp-content\/plugins\/cuteslider\/img\/blank.png\" data-src=\"http:\/\/sunvalleyhotel.com.br\/hotel\/wp-content\/uploads\/2014\/05\/slide10.jpg\" data-thumb=\"http:\/\/sunvalleyhotel.com.br\/hotel\/wp-content\/uploads\/2014\/05\/slide10.jpg\"><\/li><li data-delay=\"4\" data-src=\"4\" data-trans3d=\"tr1,tr2,tr3,tr4,tr5,tr6,tr7,tr8,tr9,tr10,tr11,tr12,tr13,tr14,tr15,tr16,tr17,tr18,tr19,tr20,tr21,tr22,tr23,tr24,tr25,tr26,tr27,tr28,tr29,tr30,tr31,tr32,tr33,tr34,tr35,tr36,tr37,tr38,tr39,tr40,tr41,tr42,tr43,tr44,tr45,tr46,tr47,tr48,tr49,tr50,tr51,tr52,tr53,tr54,tr55,tr56,tr57,tr58,tr59,tr60,tr61,tr62,tr63,tr64\" data-trans2d=\"tr1,tr2,tr3,tr4,tr5,tr6,tr7,tr8,tr9,tr10,tr11,tr12,tr13,tr14,tr15,tr16,tr17,tr18,tr19,tr20,tr21,tr22,tr23,tr24,tr25,tr26,tr27,tr28,tr29,tr30,tr31,tr32,tr33,tr34,tr35,tr36,tr37,tr38,tr39,tr40\"><img  src=\"http:\/\/sunvalleyhotel.com.br\/hotel\/wp-content\/plugins\/cuteslider\/img\/blank.png\" data-src=\"http:\/\/sunvalleyhotel.com.br\/hotel\/wp-content\/uploads\/2014\/05\/slide11.jpg\" data-thumb=\"http:\/\/sunvalleyhotel.com.br\/hotel\/wp-content\/uploads\/2014\/05\/slide11.jpg\"><\/li><\/ul><ul data-type=\"controls\"><li data-type=\"captions\"><\/li><li data-type=\"link\"><\/li><li data-type=\"video\"><\/li><li data-type=\"slideinfo\"><\/li><li data-type=\"circletimer\"><\/li><li data-type=\"next\"> <\/li><li data-type=\"previous\"><\/li><li data-type=\"slidecontrol\" data-thumb=\"true\" data-thumbalign=\"up\"><\/li><li data-type=\"bartimer\"><\/li><\/ul><\/div><div class=\"cute-shadow\"><img src=\"http:\/\/sunvalleyhotel.com.br\/hotel\/wp-content\/plugins\/cuteslider\/skins\/borderlesslight\/cute-theme\/shadow.png\" alt=\"shadow\"><\/div><\/div><script type=\"text\/javascript\">var cuteslider2 = new Cute.Slider();cuteslider2.setup(\"cuteslider_2\" , \"cuteslider_2_wrapper\", \"http:\/\/sunvalleyhotel.com.br\/hotel\/wp-content\/plugins\/cuteslider\/skins\/borderlesslight\/style\/slider-style.css\");cuteslider2.api.addEventListener(Cute.SliderEvent.CHANGE_START, function(event) { });cuteslider2.api.addEventListener(Cute.SliderEvent.CHANGE_END, function(event) { });cuteslider2.api.addEventListener(Cute.SliderEvent.WATING, function(event) { });cuteslider2.api.addEventListener(Cute.SliderEvent.CHANGE_NEXT_SLIDE, function(event) { });cuteslider2.api.addEventListener(Cute.SliderEvent.WATING_FOR_NEXT, function(event) { });<\/script>\n<p>&nbsp;<\/p>\n<p>&nbsp;<\/p>\n<p>[sidebar_shortcode sidebar=&#8221;sidebar-1&#8243;]<\/p>\n<p>[one_half]<\/p>\n<p>[nzs_heading heading=&#8221;3&#8243;] Sofistica\u00e7\u00e3o e Requinte [\/nzs_heading]<\/p>\n<p>[padding_box top=&#8221;0&#8243; right=&#8221;0&#8243; bottom=&#8221;20&#8243; left=&#8221;0&#8243;]<img src=\"http:\/\/sunvalleyhotel.com.br\/hotel\/wp-content\/uploads\/2014\/05\/box1.png\" alt=\"\" \/>[\/padding_box]<\/p>\n<p>Fruto do esp\u00edrito arrojado do Empreendedor bonfinense Clovis Heitor, nasceu a id\u00e9ia em 08\/01\/1991, quando enfim se inicia o grande projeto de edifica\u00e7\u00e3o. Registrou-se oficialmente em 26\/03\/2004, quando passa a funcionar n\u00e3o mais de fato e sim de direito. A id\u00e9ia de se construir um hotel em Senhor do Bonfim-BA, concretiza-se. Serviu de modelo para a \u00e9poca e marca presen\u00e7a destacada para os anos futuros com uma arquitetura de linhas arrojadas que atravessou o tempo e continua moderna e inovadora para os tempos atuais.<\/p>\n<p>Assim nasceu o Hotel Sun Valley o mais tradicional hotel de Senhor do Bonfim-BA, que ao longo de sua exist\u00eancia ajudou a construir a hist\u00f3ria do nossa cidade, hospedando as mais ilustres personalidades do cen\u00e1rio nacional e internacional. Somente um hotel que tivesse como objetivo principal oferecer aos seus h\u00f3spedes um servi\u00e7o que prezasse pela qualidade e excel\u00eancia poderia satisfazer a tantas pessoas ilustres e exigentes.<\/p>\n<p>&nbsp;<\/p>\n<p>[\/one_half]<\/p>\n<p>[one_half_last]<\/p>\n<p>[nzs_heading heading=&#8221;3&#8243;] Conforto e Seguran\u00e7a\u00a0[\/nzs_heading]<br \/>\n[padding_box top=&#8221;0&#8243; right=&#8221;0&#8243; bottom=&#8221;0&#8243; left=&#8221;0&#8243;] <img src=\"http:\/\/sunvalleyhotel.com.br\/hotel\/wp-content\/uploads\/2014\/05\/box2.png\" alt=\"\" \/><\/p>\n<p>Assim \u00e9 o Hotel Sun Valley, sin\u00f4nimo de charme, bom gosto, privacidade, sofistica\u00e7\u00e3o e conforto resumidos no n\u00edvel de atendimento de elevado padr\u00e3o de distin\u00e7\u00e3o. Nos seus 90 apartamentos e su\u00edtes o Hotel Sun Valley coloca ao seu dispor tudo o que se faz necess\u00e1rio para o seu m\u00e1ximo conforto, inclusive servi\u00e7o de quarto personalizado.<\/p>\n<p>Espa\u00e7os f\u00edsicos privilegiados para a realiza\u00e7\u00e3o de conven\u00e7\u00f5es, congressos e semin\u00e1rios, al\u00e9m de salas privativas fazem com que o Hotel Sun Valley tenha condi\u00e7\u00f5es de atender a qualquer tipo de evento no g\u00eanero. Restaurante, bar e espa\u00e7o para o caf\u00e9 da manh\u00e3, fazem com que a \u00e1rea de alimentos e bebidas seja ponto de prefer\u00eancia e destaque no Hotel Sun Valley.<\/p>\n<p>\u00c1rea de lazer e entretenimento com piscina, sal\u00e3o de jogos, parque infantil, fitness center, biciclet\u00e1rio e sala com computadores s\u00e3o servi\u00e7os diferenciados ao seu dispor.<\/p>\n<p>&nbsp;<\/p>\n<p>[\/one_half_last]<\/p>\n<p>[one_half]<\/p>\n<p>[nzs_heading heading=&#8221;3&#8243;] Acomoda\u00e7\u00f5es\u00a0[\/nzs_heading]<br \/>\n[padding_box top=&#8221;0&#8243; right=&#8221;0&#8243; bottom=&#8221;20&#8243; left=&#8221;0&#8243;] <img src=\"http:\/\/sunvalleyhotel.com.br\/hotel\/wp-content\/uploads\/2014\/05\/box7.png\" alt=\"\" \/><\/p>\n<p>SUITES EXECUTIVAS \u2013\u00a0Recentemente decorada, com 90 m2, varanda, sala de estar, cama box padr\u00e3o internacional \u2013 casal, ar condicionado \/ split, telefone informatizado, Tv com 31 canais, frigobar, \u00e1gua fria ou aquecida (ducha), controle de Tv, luz, servi\u00e7o room service, sinal de internet sem fio. Acomoda\u00e7\u00e3o: SGL , DBL ou TPL. Consulte mais informa\u00e7\u00f5es.<\/p>\n<p>APARTAMENTOS LUXO \u2013\u00a0Moderna decora\u00e7\u00e3o, cama box padr\u00e3o internacional, ar condicionado, telefone informatizado, Tv com 31 canais, frigobar, \u00e1gua quente ou fria (ducha), controle de Tv, luz, servi\u00e7o room service, sinal de internet sem fio. Acomoda\u00e7\u00e3o: SGL , DBL ou TPL. Consulte mais informa\u00e7\u00f5es. Apartamentos com capacidade para acomodar at\u00e9 5 pessoas (fam\u00edlia).<\/p>\n<p>APARTAMENTOS TIPO \u201cA\u201d-\u00a0Recentemente decorado, cama padr\u00e3o convencional, ventilador, telefone informatizado, Tv com 31 canais, frigobar, \u00e1gua quente ou fria (ducha), controle de Tv, luz, servi\u00e7o room service, sinal de internet sem fio. Acomoda\u00e7\u00e3o: SGL , DBL ou TPL. Consulte\u00a0mais informa\u00e7\u00f5es.<\/p>\n<p>[\/one_half]<\/p>\n<p>[one_half_last]<\/p>\n<p>[nzs_heading heading=&#8221;3&#8243;] Servi\u00e7os\u00a0[\/nzs_heading]<br \/>\n[padding_box top=&#8221;0&#8243; right=&#8221;0&#8243; bottom=&#8221;20&#8243; left=&#8221;0&#8243;] <img src=\"http:\/\/sunvalleyhotel.com.br\/hotel\/wp-content\/uploads\/2014\/05\/box6.png\" alt=\"\" \/><\/p>\n<p>DI\u00c1RIA COM CAF\u00c9 DA MANH\u00c3 INCLUSO &#8211;\u00a0Lugar gostoso para comer um bolo caseiro acompanhado de chocolate quente ou ch\u00e1, tortas, doces, caf\u00e9s, frios e iguarias regionais e frutas da esta\u00e7\u00e3o.<\/p>\n<p>RESTAURANTE\u00a0 SUN VALLEY- Jantar self service na \u00e1rea externa privilegiada com acesso \u00e0 piscina e vista dos jardins.<\/p>\n<p>&nbsp;<\/p>\n<p>&nbsp;<\/p>\n<p>&nbsp;<\/p>\n<p>&nbsp;<\/p>\n<p>&nbsp;<\/p>\n<p>&nbsp;<\/p>\n<p>[\/one_half_last]<\/p>\n<p>[one_half]<\/p>\n<p>[nzs_heading heading=&#8221;3&#8243;] Infraestrutura\u00a0[\/nzs_heading]<br \/>\n[padding_box top=&#8221;0&#8243; right=&#8221;0&#8243; bottom=&#8221;20&#8243; left=&#8221;0&#8243;]<img src=\"http:\/\/sunvalleyhotel.com.br\/hotel\/wp-content\/uploads\/2014\/05\/box4.png\" alt=\"\" \/>[\/padding_box]<\/p>\n<p>Piscina, bar, restaurante, sala de gin\u00e1stica, sal\u00e3o de jogos, biciclet\u00e1rio, parque infantil, recep\u00e7\u00e3o informatizada, sala de caf\u00e9 da manh\u00e3, audit\u00f3rio, home office, sala de estar, internet wireless de alta velocidade, sala com computadores, servi\u00e7o de quarto, 31 canais de tv , cofre, c\u00e2maras de monitoramento, seguran\u00e7a 24 horas, lavanderia industrial, estacionamento para at\u00e9 200 ve\u00edculos, acessos para deficientes f\u00edsicos.<\/p>\n<p>[\/one_half]<\/p>\n<p>[one_half_last]<\/p>\n<p>[nzs_heading heading=&#8221;3&#8243;] Localiza\u00e7\u00e3o e pontos de interesse\u00a0[\/nzs_heading]<br \/>\n[padding_box top=&#8221;0&#8243; right=&#8221;0&#8243; bottom=&#8221;20&#8243; left=&#8221;0&#8243;]<img src=\"http:\/\/sunvalleyhotel.com.br\/hotel\/wp-content\/uploads\/2014\/05\/box5.png\" alt=\"\" \/>[\/padding_box]<br \/>\nSituado perto da Universidade do Estado da Bahia \u2013 UNEB, e entre as concession\u00e1rias Wolkswagen e Fiat. Estamos a 5 minutos do centro da cidade assim como do Terminal Rodovi\u00e1rio.<br \/>\nA hist\u00f3ria do Hotel Sun Valley se renova a cada dia, com os h\u00f3spedes e visitantes que chegam e ajudam a escrever continuamente mais trechos dessa hist\u00f3ria. \u00c9 assim que o Hotel Sun Valley est\u00e1 preparado para ter o privil\u00e9gio de hosped\u00e1-lo.<\/p>\n<p>[\/one_half_last]<\/p>\n<p>[one_half]<\/p>\n<h3>Conhecendo a regi\u00e3o:<\/h3>\n<ul>\n<li><a href=\"http:\/\/www.uneb.br\/senhor-do-bonfim\/dedc\" target=\"_blank\">http:\/\/www.uneb.br\/senhor-do-bonfim\/dedc<\/a><\/li>\n<li><a href=\"http:\/\/portais.univasf.edu.br\/campi\/campus-senhor-do-bonfim\" target=\"_blank\">http:\/\/portais.univasf.edu.br\/campi\/campus-senhor-do-bonfim<\/a><\/li>\n<li><a href=\"http:\/\/www.ifbaiano.edu.br\/unidades\/bonfim\/\" target=\"_blank\">http:\/\/www.ifbaiano.edu.br\/unidades\/bonfim\/<\/a><\/li>\n<\/ul>\n<p>[\/one_half]<\/p>\n<p>&nbsp;<\/p>\n","protected":false},"excerpt":{"rendered":"<p>&nbsp; &nbsp; [sidebar_shortcode sidebar=&#8221;sidebar-1&#8243;] [one_half] [nzs_heading heading=&#8221;3&#8243;] Sofistica\u00e7\u00e3o e Requinte [\/nzs_heading] [padding_box top=&#8221;0&#8243; right=&#8221;0&#8243; bottom=&#8221;20&#8243; left=&#8221;0&#8243;][\/padding_box] Fruto do esp\u00edrito arrojado do Empreendedor bonfinense Clovis Heitor, nasceu a id\u00e9ia em 08\/01\/1991, quando enfim se inicia o grande projeto de edifica\u00e7\u00e3o. Registrou-se oficialmente em 26\/03\/2004, quando passa a funcionar n\u00e3o mais de fato e sim de direito. [&hellip;]<\/p>\n","protected":false},"author":1,"featured_media":0,"parent":0,"menu_order":0,"comment_status":"open","ping_status":"open","template":"","meta":[],"_links":{"self":[{"href":"http:\/\/sunvalleyhotel.com.br\/hotel\/wp-json\/wp\/v2\/pages\/2"}],"collection":[{"href":"http:\/\/sunvalleyhotel.com.br\/hotel\/wp-json\/wp\/v2\/pages"}],"about":[{"href":"http:\/\/sunvalleyhotel.com.br\/hotel\/wp-json\/wp\/v2\/types\/page"}],"author":[{"embeddable":true,"href":"http:\/\/sunvalleyhotel.com.br\/hotel\/wp-json\/wp\/v2\/users\/1"}],"replies":[{"embeddable":true,"href":"http:\/\/sunvalleyhotel.com.br\/hotel\/wp-json\/wp\/v2\/comments?post=2"}],"version-history":[{"count":61,"href":"http:\/\/sunvalleyhotel.com.br\/hotel\/wp-json\/wp\/v2\/pages\/2\/revisions"}],"predecessor-version":[{"id":267,"href":"http:\/\/sunvalleyhotel.com.br\/hotel\/wp-json\/wp\/v2\/pages\/2\/revisions\/267"}],"wp:attachment":[{"href":"http:\/\/sunvalleyhotel.com.br\/hotel\/wp-json\/wp\/v2\/media?parent=2"}],"curies":[{"name":"wp","href":"https:\/\/api.w.org\/{rel}","templated":true}]}}